+ 4*x. Calculate the greatest common factor of f and 21.
7
Let l(g) = -4*g**3 - g - 1. Let u be l(-2). Suppose -5*w + u = -22. Let v = 86 + -42. Calculate the greatest common divisor of w and v.
11
Let t = -64 - -76. What is the greatest common factor of t and 84?
12
Let i = 4 - 7. Let p(m) = -m**2 - 3*m - 2. Let c be p(i). Let x be 84/2*(c + 3). Calculate the highest common factor of x and 6.
6
Let p be (1 - 4)*(-8 + 7). Suppose -4*t - 17 + 577 = 5*o, 5*t = -p*o + 336. Calculate the greatest common divisor of o and 16.
16
Suppose -9 = -6*j + 5*j. What is the highest common factor of j and 36?
9
Let h(c) = c**3 - 6*c**2 + 7*c - 2. Let f(z) = -z - 5. Let s be f(-11). Let w be h(s). Calculate the greatest common divisor of w and 5.
5
Let b be (4/(-5))/(2/10). Let l(r) = -r - 2. Let d be l(b). Let v be 1/(-1) + (d - -17). Calculate the greatest common factor of 2 and v.
2
Let q(z) = z**3 - 5*z**2 + 1. Let m be q(3). Let o = -9 - m. What is the highest common factor of 8 and o?
8
Let k be (-1 + 4*1)/((-26)/(-52)). Calculate the greatest common factor of 2 and k.
2
Let a be (4 + 47 + -4)*-5. Let d = 389 + a. What is the highest common divisor of d and 22?
22
Let c(s) = -21*s + 12. Let q be c(10). Let g = 278 + q. Calculate the greatest common divisor of g and 10.
10
Let p(i) = -4*i**2 + 2*i - 1. Let q(m) = 7*m**2 - 5*m + 1. Let l(f) = -7*p(f) - 3*q(f). Let c be l(-3). What is the greatest common divisor of 8 and c?
8
Let d = -4 + -1. Let k be (-227)/d + 8/(-20). What is the greatest common factor of 18 and k?
9
Let f = 22 - 18. What is the highest common divisor of f and 4?
4
Suppose -4*o + 16 = 0, -3*o + 37 = 3*y + 7. What is the highest common divisor of 6 and y?
6
Let m = 59 + -11. Calculate the highest common divisor of 192 and m.
48
Let x(t) = 2*t - 2. Let w(u) = -u**3 + 2*u**2 + 2. Suppose -2 = -a - 0. Let g be w(a). Let y be x(g). Calculate the greatest common factor of 22 and y.
2
Let y = -5 - 16. Let r = 35 + y. Calculate the greatest common divisor of r and 56.
14
Let i be (((-310)/(-4))/(-5))/(2/(-4)). What is the highest common divisor of 155 and i?
31
Let z(f) = -35*f + 2. Let m be z(-2). Calculate the greatest common divisor of m and 12.
12
Suppose 2*j + 3 = 19. What is the greatest common factor of 16 and j?
8
Suppose 13 = -2*r - 2*r + 5*h, 3*r + 11 = 4*h. Calculate the highest common factor of r and 2.
1
Suppose -5*l - 5 = 5. Let t be 34/(l/(-15)*5). Calculate the highest common divisor of t and 34.
17
Let m be 246/15 + (-2)/5. Suppose -k = -19 + 3. What is the highest common divisor of m and k?
16
Let q = 32 + -12. Calculate the greatest common divisor of q and 10.
10
Let y(h) = -h**3 - 17*h**2 - 4*h - 24. Let v be y(-17). Calculate the greatest common divisor of 396 and v.
44
Suppose -3*g + 2*g + d + 26 = 0, 4*g = d + 98. What is the highest common factor of 3 and g?
3
Let k(q) = 2*q + 3. Let w be k(5). Suppose 0 = p - 3*i - 91, 3*p - 273 = -0*p + 5*i. What is the greatest common divisor of p and w?
13
Suppose -7*q + 2*q + 5*y = -25, -3*q - 5*y + 7 = 0. Suppose 3*i - 44 = -q*w, -w + 3 - 1 = 0. Calculate the highest common divisor of i and 24.
12
Suppose 5*w - 183 = -t, 4*w = -4*t + 2*w + 678. Calculate the highest common factor of t and 24.
24
Suppose -2*j + 336 = 4*j. What is the greatest common factor of 7 and j?
7
Let v be (1 + 2)/((-6)/(-8)). Suppose 2*o + 0*o - v*c = 116, o + 5*c = 65. What is the greatest common divisor of 40 and o?
20
Let r be 9/42*4*7. Suppose r*k = k. Suppose 4*n - 43 - 29 = k. Calculate the greatest common divisor of 162 and n.
18
Let q = 3 - 1. Suppose -6 - 4 = -q*s. Suppose s*o - 5*r = 50, 0 = 4*o - r + 3*r - 64. Calculate the greatest common factor of 35 and o.
7
Let m be (-4)/(-14) + (-748)/(-28). Suppose 4*s + 216 = 5*q, 4*s + 3 = -q + m. What is the highest common factor of 16 and q?
8
Let a = 99 + 37. Calculate the greatest common divisor of 17 and a.
17
Let l = -75 + 105. Calculate the highest common factor of l and 20.
10
Let y be 0 + (7 - 1) + 3. Let q be 1 + 0 + (45 - 0). Let v = y + q. What is the greatest common factor of v and 11?
11
Suppose -5*b + 11 = -49. Suppose 0*d + 3*d - 567 = 0. Let i = -105 + d. What is the greatest common divisor of b and i?
12
Let b = -69 - -101. Let o = -19 + b. Calculate the highest common factor of 26 and o.
13
Let z = -26 - -38. Let h = 231 - 135. Calculate the highest common factor of z and h.
12
Let j(r) be the first derivative of -r**3/3 + 5*r**2 - 11*r + 7. Let l be j(8). Calculate the highest common divisor of 40 and l.
5
Let x(c) = 19*c - 16. Let u be x(6). Calculate the greatest common divisor of 14 and u.
14
Let m(i) = 2*i**2 - 14*i + 26. Let j be m(6). Calculate the highest common divisor of 126 and j.
14
Suppose -w + 43 = -12. Let u(t) = -7*t - 4. Let l be u(-3). Suppose 13 = 2*k + p, 3*k - 2*k + 4*p = l. Calculate the highest common factor of w and k.
5
Let y(f) = f + 26. Let z be y(0). Calculate the greatest common factor of 65 and z.
13
Let f be ((-6)/5)/((-2)/5). Suppose 176 = -a + f*a. Suppose -45 = -3*l - v - 2*v, 4*l - 4*v = 28. Calculate the highest common divisor of a and l.
11
Let f be 2/(-9) + 34/(-9). Let w be (-160)/(-6) - f/(-6). Suppose 2*j = -3*j + 65. Calculate the highest common divisor of j and w.
13
Let v = -29 - -31. Calculate the highest common divisor of 14 and v.
2
Let l be 13/1*(-4 - -5). What is the highest common factor of l and 143?
13
Let g = 7 + -3. Let r be ((-22)/8)/((-1)/g). Calculate the greatest common divisor of r and 22.
11
Let g(u) = -u**3 + 5*u**2 - 7. Let i be g(5). Let o = 173 - i. Suppose v = 4*v - o. What is the greatest common divisor of 24 and v?
12
Let n(m) = 2 - m + 8*m**2 + 0*m**2 + 3*m. Let d be n(3). Suppose 0 = h, -30 = -3*w - h - 0*h. Calculate the greatest common divisor of d and w.
10
Let j(a) = -a**3 - 6*a**2 - 5*a + 6. Let t be j(-5). Calculate the highest common factor of 66 and t.
6
Let a be (-1)/((-2)/(-24)*-3). Calculate the greatest common divisor of 10 and a.
2
Suppose 2*y - 2*w - 16 = 0, -y + 17 = w + 3. Calculate the greatest common factor of 77 and y.
11
Let p(b) = b**2 + 18*b + 10. Let w be p(-18). What is the greatest common divisor of 10 and w?
10
Let f(u) = u - 8. Let j be f(10). Suppose -2*y + 1117 = -3*d, -j*y + d + 1119 = -0*y. Suppose 3*k - 7*k = -y. What is the greatest common divisor of k and 20?
20
Let q be (-2)/10 + (-46)/(-5). What is the greatest common factor of q and 63?
9
Let c(l) = l - 8. Let w be c(24). What is the greatest common factor of 4 and w?
4
Let p(y) = -y**3 + y**2 - y - 1. Let u be p(2). Let j be ((-66)/u)/(1/21). What is the highest common factor of 18 and j?
18
Suppose -d = 4*m - 22, 2*m = d - 0*m - 16. Let o = -49 + 94. Suppose 0 = 4*c - 531 - o. Calculate the highest common divisor of d and c.
18
Let t(z) = z**2 - 9. Let k(j) = -3*j + 5. Let o be k(4). Let n be t(o). Calculate the greatest common factor of n and 100.
20
Let h(o) = 78*o**2 + 2*o - 2. Let p be h(1). What is the highest common factor of 117 and p?
39
Suppose 65 = -3*y - 4*g + 183, 0 = 3*y + 5*g - 113. Let r(h) = h + 69. Let u be r(0). What is the highest common factor of y and u?
23
Let z = 7 - 19. Let x be (-414)/(-4) + z/(-8). Let b = 157 - x. What is the highest common factor of 78 and b?
26
Suppose -4*d = 2*z - 34, -2*d - 5 = 2*z - 47. Let i be (48/(-15))/(-2)*z. Calculate the highest common factor of 4 and i.
4
Suppose -5*n - 2*w = 3, n + 7 = 4*n - w. Suppose 0 = z - l - 12, -2*z = 2*l - 6*l - 32. Calculate the greatest common divisor of n and z.
1
Suppose 2*k - 2*d + 42 = 6*k, 0 = -4*k + 5*d + 49. Suppose -4*c - 43 + 263 = 0. What is the highest common divisor of c and k?
11
Let w(v) = -v**3 - 5*v**2 - v. Let n be w(-5). Suppose -n*b + 0*d + 22 = -4*d, -4*b + 16 = -4*d. Calculate the highest common divisor of 9 and b.
3
Let p(x) = -x + 7. Let z be p(-3). What is the greatest common factor of z and 70?
10
Let q be 6*2/4 - -81. Suppose 3*b + 2*i - 39 = -i, 5*b + 3*i = 63. What is the greatest common divisor of q and b?
12
Let k be -20*(5/(-2) + 2). Let b be (k + -1)*(2 + -1). What is the highest common divisor of b and 45?
9
Let v(k) be the third derivative of -k**6/5 + k**5/60 + k**4/12 + k**3/6 + k**2. Let o be v(-1). Let l = -6 + 9. Calculate the highest common factor of o and